on divisor of 6313 and 1121?
59
Calculate the highest common factor of 1152 and 202144.
32
What is the highest common divisor of 26974828 and 1348?
1348
What is the greatest common divisor of 6015 and 25?
5
Calculate the highest common divisor of 61989 and 6.
3
What is the highest common divisor of 13325 and 82?
41
What is the greatest common factor of 495 and 5995?
55
Calculate the greatest common factor of 6878 and 741.
19
What is the highest common factor of 106628 and 152?
76
Calculate the greatest common divisor of 2864060 and 380.
380
Calculate the greatest common factor of 391391 and 3795.
253
Calculate the greatest common divisor of 125294 and 2765.
79
What is the greatest common divisor of 119196 and 18396?
252
What is the greatest common factor of 86 and 1686589?
43
Calculate the highest common divisor of 30 and 363180.
30
What is the highest common factor of 495 and 49302?
99
Calculate the greatest common factor of 36 and 1289916.
36
What is the highest common divisor of 135 and 17397?
9
What is the highest common factor of 36420 and 120?
60
Calculate the greatest common divisor of 1324 and 44023.
331
Calculate the highest common divisor of 782 and 3634.
46
Calculate the greatest common factor of 260 and 53690.
130
What is the greatest common divisor of 3376 and 11288?
8
Calculate the highest common divisor of 10 and 1074.
2
What is the highest common factor of 2057 and 4961?
121
Calculate the greatest common divisor of 28 and 467502.
14
What is the highest common factor of 120848 and 2912?
1456
Calculate the highest common factor of 2494 and 23026.
58
What is the highest common divisor of 3882083 and 215?
43
What is the highest common divisor of 642665 and 5925?
395
What is the highest common divisor of 9139958 and 298?
298
What is the greatest common divisor of 663 and 10540?
17
What is the highest common divisor of 542157 and 231?
231
What is the highest common divisor of 4875 and 312?
39
Calculate the highest common divisor of 29516 and 47.
47
What is the highest common divisor of 315 and 10215?
45
What is the highest common divisor of 128197 and 51?
17
What is the greatest common factor of 110 and 389345?
55
What is the highest common divisor of 2877741 and 54?
27
What is the highest common divisor of 4620 and 340?
20
Calculate the greatest common factor of 3619 and 9541.
329
Calculate the greatest common factor of 5 and 1816355.
5
Calculate the highest common factor of 2461 and 87954.
107
What is the highest common divisor of 534 and 6586?
178
What is the highest common divisor of 189 and 5103?
189
Calculate the highest common divisor of 4609 and 20273.
11
Calculate the greatest common factor of 1224 and 115464.
408
What is the greatest common factor of 4482 and 342?
18
What is the highest common factor of 54 and 217539?
27
Calculate the greatest common factor of 266 and 1582.
14
What is the highest common factor of 45978 and 12?
6
Calculate the highest common factor of 38 and 240958.
38
What is the highest common divisor of 493 and 52896?
29
What is the highest common divisor of 4399 and 265?
53
Calculate the highest common divisor of 19057 and 153.
17
Calculate the greatest common divisor of 1540 and 20860.
140
What is the highest common factor of 11175661 and 7?
7
Calculate the greatest common factor of 53834 and 121.
11
What is the greatest common factor of 7641 and 12169?
283
Calculate the highest common factor of 2030 and 843030.
290
What is the greatest common factor of 912 and 226404?
228
Calculate the greatest common factor of 2931502 and 14.
14
Calculate the greatest common factor of 1079690 and 101.
101
What is the highest common factor of 19556 and 34?
2
What is the highest common factor of 378 and 1702449?
63
Calculate the greatest common divisor of 23 and 288098.
23
Calculate the greatest common divisor of 1 and 798446.
1
What is the greatest common factor of 19445 and 40?
5
Calculate the highest common divisor of 13132 and 9996.
196
Calculate the highest common factor of 517535 and 178.
89
What is the greatest common divisor of 3168 and 5952?
96
Calculate the highest common divisor of 299750 and 218.
218
What is the greatest common factor of 231083 and 2345?
67
Calculate the highest common factor of 864 and 101344.
32
What is the highest common factor of 56648 and 2425?
97
What is the highest common factor of 33 and 2906959?
11
Calculate the greatest common factor of 1051 and 11421217.
1051
Calculate the greatest common divisor of 1395 and 135855.
45
What is the greatest common factor of 1442 and 155118?
206
Calculate the highest common divisor of 4600 and 10028.
92
Calculate the highest common divisor of 1511524 and 28.
28
Calculate the highest common divisor of 8107 and 5628.
67
Calculate the highest common divisor of 250702 and 206.
206
What is the highest common divisor of 31 and 13423?
31
What is the highest common factor of 53874 and 8118?
738
Calculate the greatest common divisor of 22533 and 971250.
777
What is the greatest common divisor of 7186 and 4?
2
What is the greatest common divisor of 385371 and 189?
189
Calculate the highest common factor of 267 and 135547.
89
What is the greatest common divisor of 2330 and 692709?
233
Calculate the greatest common divisor of 164768 and 1216.
608
Calculate the highest common divisor of 125786 and 436.
218
Calculate the greatest common divisor of 144519 and 268.
67
Calculate the greatest common factor of 20002 and 15038.
146
Calculate the highest common factor of 7731 and 8496.
9
What is the greatest common factor of 17576 and 83148?
676
What is the highest common divisor of 12 and 46194?
6
Calculate the highest common factor of 90 and 1074.
6
Calculate the greatest common divisor of 535877 and 16928.
529
What is the greatest common factor of 249 and 192477?
249
What is the highest common divisor of 616700 and 700?
700
Calculate the greatest common factor of 94050 and 45771.
627
What is the greatest common divisor of 149 and 3739?
1
Calculate the highest common divisor of 648613 and 3087.
343
What is the greatest common divisor of 11 and 225566?
11
What is the highest common factor of 64 and 136688?
16
What is the greatest common divisor of 26 and 10082?
2
What is the highest common divisor of 1032 and 3800?
8
Calculate the greatest common factor of 1140 and 2715.
15
Calculate the highest common factor of 38 and 8177562.
38
Calculate the greatest common divisor of 28748 and 44.
4
What is the highest common factor of 12773 and 159?
53
What is the highest common factor of 39369 and 99?
33
Calculate the greatest common divisor of 6496 and 8768.
32
What is the greatest common divisor of 325 and 21619?
13
What is the highest common divisor of 115 and 102005?
115
What is the greatest common factor of 183 and 1186877?
61
Calculate the highest common divisor of 7416 and 81.
9
Calculate the greatest common factor of 410 and 106805.
205
Calculate the greatest common divisor of 8780 and 260.
20
What is the highest common factor of 3200 and 15500?
100
Calculate the highest common divisor of 2874 and 15.
3
What is the highest common divisor of 88 and 1285394?
22
What is the highest common factor of 88163 and 131?
131
What is the greatest common factor of 2096 and 71696?
16
What is the highest common divisor of 23 and 141013?
23
What is the greatest common divisor of 1644365 and 2595?
865
Calculate the greatest common divisor of 49232 and 19312.
272
What is the greatest common factor of 36120 and 3080?
280
What is the greatest common divisor of 80 and 921520?
80
What is the greatest common divisor of 508048 and 226?
226
Calculate the highest common factor of 930 and 208847.
31
Calculate the greatest common factor of 11304 and 792.
72
Calculate the highest common divisor of 999164 and 569.
569
Calculate the highest common divisor of 80 and 386110.
10
What is the highest common factor of 4688 and 47759?
293
Calculate the highest common divisor of 174276 and 47.
47
What is the greatest common divisor of 168 and 1160?
8
What is the greatest common divisor of 50 and 10135650?
50
Calculate the greatest common factor of 33502 and 189.
7
What is the greatest common factor of 2178 and 126?
18
What is the highest common divisor of 8398 and 11362?
494
What is the greatest common fa